{"id":4780,"date":"2025-04-20T15:23:42","date_gmt":"2025-04-20T13:23:42","guid":{"rendered":"https:\/\/www.asatru-cal.es\/socios\/?page_id=4780"},"modified":"2026-01-21T09:35:17","modified_gmt":"2026-01-21T08:35:17","slug":"alianza-hispanohablante","status":"publish","type":"page","link":"https:\/\/www.asatru-cal.es\/socios\/alianza-hispanohablante\/","title":{"rendered":"Alianza Hispanohablante"},"content":{"rendered":"\n<div class=\"wp-block-group\"><div class=\"wp-block-group__inner-container is-layout-flow wp-block-group-is-layout-flow\">\n<div margin: 40px auto; padding: 50px; line-height: 1.8; text-align: justify;\">\n\n    <header style=\"text-align: center; margin-bottom: 50px;\">\n        <h2 style=\"text-transform: uppercase; letter-spacing: 3px; margin-bottom: 5px; font-size: 1.8em; border-bottom: 1px solid #5d0000; display: inline-block; padding-bottom: 10px;\">\n            Carta de Intenciones de la A.A.H.\n        <\/h2>\n        <p style=\"font-style: italic; font-weight: bold; margin-top: 10px;\">\n            (Asamblea \u00c1satr\u00fa Hispanohablante)\n        <\/p>\n    <\/header>\n\n    <p>Debido a la imperante necesidad de salvaguardar la integridad de las honorables ramas del \u00c1satr\u00fa y las organizaciones que representamos (C.A.L. y T.A.M.C.), hemos creado la A.A.H. (Asamblea \u00c1satr\u00fa Hispanohablante)<\/p>\n\n    <p>Un frente com\u00fan Iberoamericano cuyo objetivo principal es la mutua colaboraci\u00f3n para procurar el sano crecimiento de las futuras agrupaciones \u00c1satr\u00fa, la difusi\u00f3n responsable del contenido relativo a la Tradici\u00f3n y la armon\u00eda entre los practicantes.<\/p>\n\n    <p>Habi\u00e9ndonos reunido como personas libres, en representaci\u00f3n de nuestras respectivas asociaciones y realizando un juramento de honestidad bajo las condiciones de invitaci\u00f3n, sacamos ante nuestros dioses esta iniciativa, para que sean garantes de los acuerdos aqu\u00ed tomados.<\/p>\n\n    <p style=\"text-align: center; font-weight: bold; margin: 30px 0; font-size: 1.1em;\">\n        Sea testigo Tyr, dios del honor, y Forseti, dios de la justicia, la paz y la verdad.\n    <\/p>\n\n    <p>Cabe aclarar que somos conscientes que, al existir algunas diferencias pr\u00e1cticas e interpretativas, consideramos que ese no es ning\u00fan impedimento para trabajar juntos por un bien com\u00fan, pues lo que buscamos es precisamente garantizar la libre pr\u00e1ctica y el fortalecimiento individual de cada agrupaci\u00f3n.<\/p>\n\n    <p>Nuestro plan abarca una gaceta virtual informativa, donde con total transparencia, se publiquen las resoluciones o acuerdos que se hayan logrado con la colaboraci\u00f3n de todos los involucrados.<\/p>\n\n    <p>Reiteramos que somos un frente com\u00fan de defensa de la Tradici\u00f3n N\u00f3rdica, por lo tanto, nuestra misi\u00f3n es intervenir e informar.<\/p>\n\n    <p>Por lo anterior, abogamos por la creaci\u00f3n de espacios sanos para la expresi\u00f3n de nuestra espiritualidad. Nos comprometemos a trabajar en la creaci\u00f3n de proyectos conjuntos por y para el crecimiento org\u00e1nico de la espiritualidad n\u00f3rdica, con el objetivo de extender la comprensi\u00f3n de nuestra tradici\u00f3n como una religi\u00f3n seria y una filosof\u00eda de vida.<\/p>\n\n    <p>Tambi\u00e9n tenemos por objetivo la configuraci\u00f3n de organismos para promover el reconocimiento de la espiritualidad n\u00f3rdica por parte de los estados a los que pertenezcan nuestros miembros. Consideramos que es nuestro deber establecer, entre todas las ramas del \u00c1satr\u00fa, v\u00ednculos colaborativos en condiciones de equidad, autonom\u00eda y respeto. Por ello es que proponemos mesas de di\u00e1logo y colaboraci\u00f3n entre las diversas agrupaciones de cada rama. Con estas acciones buscamos demostrar que el \u00c1satr\u00fa hispanohablante y portugu\u00e9s es un sendero aut\u00e9ntico e igual de v\u00e1lido que muchos otros.<\/p>\n\n    <p>Tomando como base los par\u00e1metros establecidos por la jurisprudencia internacional: desde la Carta Magna de 1215 y ateni\u00e9ndonos a la Declaraci\u00f3n Universal de los Derechos Humanos y a la legislaci\u00f3n correspondiente de los pa\u00edses de las asociaciones implicadas, nos comprometemos a luchar incansablemente por la dignificaci\u00f3n del mundo \u00c1satr\u00fa de habla hispana, asesorando a nuestros miembros e interesados de manera que puedan practicar su espiritualidad de forma libre y responsable.<\/p>\n\n    <p>La A.A.H. es apol\u00edtica surge como una reacci\u00f3n contra toda agrupaci\u00f3n que haga apolog\u00eda del odio o manifieste tendencias extremistas ya sea de alineaci\u00f3n pol\u00edtica de derecha o izquierda. Por supuesto tambi\u00e9n rechazamos tajantemente, vetamos y denunciamos hasta las \u00faltimas consecuencias a cualquier agrupaci\u00f3n que fomente el racismo, la xenofobia, la homofobia, la misoginia, la pedofilia y el maltrato animal. Todos los miembros somos personas respetuosas de nuestras leyes nacionales y las del extranjero, por lo que no estamos dispuestos a encubrir o pasar por alto los delitos anteriormente descritos.<\/p>\n\n    <p>Una vez dejado en claro qui\u00e9nes somos, reiteramos nuestro compromiso con el respeto las libertades, derechos y deberes personales de todos los miembros de la Tradici\u00f3n N\u00f3rdica, entendiendo y aceptando la separaci\u00f3n de la expresi\u00f3n religiosa de la expresi\u00f3n pol\u00edtica de los participantes, tal como exigen las leyes de expresi\u00f3n de culto.<\/p>\n\n    <p>Uno de los preceptos con los que surge la A.A.H. es la confianza. Entre nosotros la palabra tiene valor, de manera que tambi\u00e9n denunciamos cualquier forma de difamaci\u00f3n, injuria o extorsi\u00f3n hacia nuestros miembros o agrupaciones.<\/p>\n\n    <p>Bajo ninguna circunstancia encubriremos a estafadores ni mercaderes que lucran con nuestra Tradici\u00f3n o la utilizan para auto promocionarse; esto no es un juego ni una mercanc\u00eda, es nuestra fe.<\/p>\n\n    <p>Es importante se\u00f1alar que la A.A.H. comparte un c\u00f3digo de conducta cuyo mayor exponente en la tradici\u00f3n es el H\u00e1vam\u00e1l, el honor es la virtud que m\u00e1s se fomenta y hay muchas m\u00e1s en nuestra pr\u00e1ctica cotidiana que se pueden inferir con esta y otras lecturas en el proceso de reconstrucci\u00f3n e interpretaci\u00f3n de nuestra Tradici\u00f3n.<\/p>\n\n    <p>La A.A.H. surgi\u00f3 con un di\u00e1logo cordial entre diversas agrupaciones (C.A.L. y T.M.C.) cuyo inter\u00e9s primordial es luchar contra la desinformaci\u00f3n y la profanaci\u00f3n sincr\u00e9tica del \u00c1satr\u00fa, pues as\u00ed como defendemos las relaciones amistosas entre las diversas ramas, tambi\u00e9n procuramos que nadie pervierta la esencia de cada una de ellas. Para nosotros, defender nuestra fe no s\u00f3lo ata\u00f1e a los intereses de nuestra rama de la Tradici\u00f3n, sino a todo el multiverso del Yggdrasil del cual somos parte.<\/p>\n\n    <p style=\"text-align: center; font-style: italic; margin-top: 50px; padding-top: 20px; border-top: 1px double #d0d0d0;\">\n        Nuestra espiritualidad no es una competencia de a ver qui\u00e9n tiene m\u00e1s miembros, sino la invitaci\u00f3n a elegir un camino con plena conciencia y en libertad.\n    <\/p>\n\n<\/div>\n\n\n\n<p><\/p>\n<\/div><\/div>\n\n\n\n<div class=\"wp-block-group\"><div class=\"wp-block-group__inner-container is-layout-flow wp-block-group-is-layout-flow\">\n<div class=\"wp-block-columns alignwide are-vertically-aligned-center is-layout-flex wp-container-core-columns-is-layout-9d6595d7 wp-block-columns-is-layout-flex\">\n<div class=\"wp-block-column is-vertically-aligned-center is-layout-flow wp-block-column-is-layout-flow\"><div class=\"wp-block-image is-resized is-style-default\">\n<figure class=\"aligncenter size-full\"><img decoding=\"async\" src=\"https:\/\/www.asatru-cal.es\/wp-content\/uploads\/2022\/01\/Thingvellir-Asatru-Mexico-Caribe-T.A.M.C.-1.bmp\" alt=\"Thingvellir-Asatru-Mexico-Caribe-T.A.M.C.-1\" class=\"wp-image-1069\"\/><\/figure>\n<\/div>\n\n\n<div class=\"wp-block-group\"><div class=\"wp-block-group__inner-container is-layout-flow wp-block-group-is-layout-flow\">\n<p class=\"has-text-align-center has-medium-font-size\" id=\"thingvellir-asatru-mexico-caribe-t-a-m-c\">Thingvellir \u00c1satr\u00fa M\u00e9xico Caribe (T.A.M.C.)<\/p>\n<\/div><\/div>\n<\/div>\n\n\n\n<div class=\"wp-block-column is-vertically-aligned-center is-layout-flow wp-block-column-is-layout-flow\"><div class=\"wp-block-image is-resized is-style-rounded\">\n<figure class=\"aligncenter size-full\"><img decoding=\"async\" src=\"https:\/\/www.asatru-cal.es\/wp-content\/uploads\/2022\/01\/WhatsApp-Image-2021-12-18-at-14.40.36.jpeg\" alt=\"WhatsApp-Image-2021-12-18-at-14.40.36\" class=\"wp-image-47\" style=\"width:348px;height:auto\"\/><\/figure>\n<\/div>\n\n\n<div class=\"wp-block-group\"><div class=\"wp-block-group__inner-container is-layout-flow wp-block-group-is-layout-flow\">\n<p class=\"has-text-align-center has-medium-font-size\" id=\"consejo-asatru-libre-c-a-l\">Consejo Asatru Libre (C.A.L.)<\/p>\n<\/div><\/div>\n<\/div>\n<\/div>\n<\/div><\/div>\n","protected":false},"excerpt":{"rendered":"","protected":false},"author":1,"featured_media":5170,"parent":0,"menu_order":0,"comment_status":"closed","ping_status":"closed","template":"","meta":{"_bbp_topic_count":0,"_bbp_reply_count":0,"_bbp_total_topic_count":0,"_bbp_total_reply_count":0,"_bbp_voice_count":0,"_bbp_anonymous_reply_count":0,"_bbp_topic_count_hidden":0,"_bbp_reply_count_hidden":0,"_bbp_forum_subforum_count":0,"footnotes":""},"class_list":["post-4780","page","type-page","status-publish","has-post-thumbnail","hentry"],"_links":{"self":[{"href":"https:\/\/www.asatru-cal.es\/socios\/wp-json\/wp\/v2\/pages\/4780","targetHints":{"allow":["GET"]}}],"collection":[{"href":"https:\/\/www.asatru-cal.es\/socios\/wp-json\/wp\/v2\/pages"}],"about":[{"href":"https:\/\/www.asatru-cal.es\/socios\/wp-json\/wp\/v2\/types\/page"}],"author":[{"embeddable":true,"href":"https:\/\/www.asatru-cal.es\/socios\/wp-json\/wp\/v2\/users\/1"}],"replies":[{"embeddable":true,"href":"https:\/\/www.asatru-cal.es\/socios\/wp-json\/wp\/v2\/comments?post=4780"}],"version-history":[{"count":4,"href":"https:\/\/www.asatru-cal.es\/socios\/wp-json\/wp\/v2\/pages\/4780\/revisions"}],"predecessor-version":[{"id":5175,"href":"https:\/\/www.asatru-cal.es\/socios\/wp-json\/wp\/v2\/pages\/4780\/revisions\/5175"}],"wp:featuredmedia":[{"embeddable":true,"href":"https:\/\/www.asatru-cal.es\/socios\/wp-json\/wp\/v2\/media\/5170"}],"wp:attachment":[{"href":"https:\/\/www.asatru-cal.es\/socios\/wp-json\/wp\/v2\/media?parent=4780"}],"curies":[{"name":"wp","href":"https:\/\/api.w.org\/{rel}","templated":true}]}}